Suppose o - 2 = -o. Calculate the remainder when 3/2*4/b is divided by o.
0
Suppose -3*d + 58 = -2*h + 3*h, h - 50 = d. Let n = 6 - 6. Suppose 0 = 5*w - 2*b - 94, n = -5*w - 0*b - 3*b + 84. What is the remainder when h is divided by w?
16
Let v(h) = h**3 + 7*h**2 + 4*h + 1. Calculate the remainder when 60 is divided by v(-5).
29
Let n be 4 + (4 - (-4 + 8)). Suppose n*v - 28 = -0. What is the remainder when 20 is divided by v?
6
Suppose -3*z = -z - 4, 5*j = -3*z + 91. Let k = -11 + j. Calculate the remainder when -1 + 0 - -17*1 is divided by k.
4
Let t be 6/(-1) + (-4 - -4). Let y(r) = r. Let z(p) = p + 2. Let s(q) = -2*y(q) + z(q). Calculate the remainder when 15 is divided by s(t).
7
Let n(a) = -18*a**3 + a**2 - 1. Let t be n(-1). Suppose m - 10 = -s, 2*m + 5*s - t = s. Calculate the remainder when 21 is divided by m.
10
Let w = 23 + -6. Calculate the remainder when w is divided by 10.
7
Let y be -2*1/2*12. Let z(n) = n**3 + 11*n**2 - 15*n + 5. What is the remainder when z(y) is divided by 21?
20
Suppose 5*y - 20 = y, -3*a + 2*y - 1 = 0. Calculate the remainder when 33 is divided by 3 - a - 17*-1.
16
Let l(o) = -o**3 - 3*o**2 + 3*o. Let s be l(-4). Let j(c) = 2 - 4*c**2 - 2 - c**3 - 2 - s*c. What is the remainder when j(-4) is divided by 8?
6
Let j(u) = 4*u - 15. Calculate the remainder when j(16) is divided by 13.
10
Suppose 0 = -q - 5 + 11. What is the remainder when 22 is divided by q?
4
Suppose -22 + 40 = 9*c. Calculate the remainder when c is divided by 3 + 1 + 2/(-1).
0
Let m = 1 + 15. Suppose 2*c = 10, 4*p - 2*c = c + 109. What is the remainder when p is divided by m?
15
Suppose -7*h + 3*h = -60. Let s = h - 9. Calculate the remainder when (3*2)/(s/8) is divided by 3.
2
Suppose 11 = 5*j - 94. Calculate the remainder when 40 is divided by j.
19
Let f(p) = -25*p**3 + 2*p + 1. What is the remainder when f(-1) is divided by 14?
10
Calculate the remainder when 77 is divided by 1 + -2*38/(-4).
17
Let l(b) = 2*b**2 + 4*b - 3. Suppose -2*g + g = -10. Suppose g*v = 6*v + 100. What is the remainder when v is divided by l(-4)?
12
Let a(m) = 19*m**2 - 2*m - 1. Calculate the remainder when a(-1) is divided by (-35)/(-3) - 4/6.
9
Let x = -2 + 22. Let a = -3 + x. What is the remainder when a is divided by 9?
8
Calculate the remainder when (-28)/(-70) + 283/5 is divided by 15.
12
Let p = 54 - 38. Suppose 2*j = j - 2*r + p, 3*j + 2*r - 48 = 0. Suppose 3*d = 43 - 16. What is the remainder when j is divided by d?
7
Suppose 0 = 5*c + 9 - 4. Let f(a) = -9*a**3 + 1. Let j be f(c). Let q = 6 + j. Calculate the remainder when 29 is divided by q.
13
Let v(a) = a**2 - 7*a + 1. Let s be v(8). What is the remainder when (s/(-2))/(1/(-2)) is divided by 4?
1
Suppose -3*l - 2*l - 2*q = -22, -3*q - 9 = -3*l. Suppose -5 = -5*v - 45. Let a = v + 10. What is the remainder when l is divided by a?
0
Let t(v) = v**3 + 7*v**2 - 2*v + 1. What is the remainder when (-59)/5*(-5 - 0) is divided by t(-7)?
14
Suppose -j + 192 = 2*j. Let l = 99 - j. Suppose -4*n + 2*s - 6*s = -56, 5*n - 56 = 2*s. What is the remainder when l is divided by n?
11
Suppose -2*z + 3 = -5. Suppose y = -4*p + 6, 7*p = z*y + 2*p - 24. Let u(n) = n**2 + 5*n + 9. What is the remainder when u(-6) is divided by y?
3
Let r(h) = 4*h - 9. Calculate the remainder when r(9) is divided by 10.
7
Let o(q) = 3 - q + q**2 + 1 + 4*q. Calculate the remainder when 27 is divided by o(-5).
13
Let w = -10 + 35. Calculate the remainder when (-111)/4*(-8)/3 is divided by w.
24
Let q(r) = -7*r + 5. Calculate the remainder when q(-6) is divided by 110*(-1)/(-9) - 4/18.
11
Suppose 10 = -o - o. Let r = 11 + o. Calculate the remainder when 17 is divided by r.
5
Let n = 197 + -138. Calculate the remainder when n is divided by 21.
17
Let g = -12 + 33. Let h(p) = -p**2 + 9*p + 4. Let t be h(5). Suppose 5*z - 2*i - 41 = t, -i + 28 = 3*z. What is the remainder when g is divided by z?
10
Suppose -4*t = t + 5, 3*t = 2*v - 75. Suppose 3*f + v = 7*f. What is the remainder when f is divided by 5?
4
Let y = 1 - -12. What is the remainder when y is divided by 8?
5
Let k = 9 - 6. Suppose -4*n = -k*t + 52, 3*t + 77 = 8*t + 3*n. Let d = 19 + -10. Calculate the remainder when t is divided by d.
7
What is the remainder when 89 is divided by (-363)/(-24) - (-3)/(-24)?
14
Suppose 0*l + 16 = 4*l. Suppose -204 = -l*a + m, m + 3 = -1. Calculate the remainder when a is divided by 13.
11
Let w(j) = -3*j + 1. Let z be w(-7). Let f = z + 17. What is the remainder when f is divided by 14?
11
Let h(y) = 2*y**2 + 5*y - 20. What is the remainder when h(-6) is divided by 8?
6
Let u be 4/(-8) + 10/(-4). Let t = u - -5. Let f = t - -14. Calculate the remainder when 30 is divided by f.
14
Let l = -32 - -79. What is the remainder when l is divided by 6?
5
Suppose -4 = -2*l, -66 = -c - 3*c + 5*l. Let d = -26 + 36. Calculate the remainder when c is divided by d.
9
Suppose 3*y + 3*v - 66 = 0, 2 - 15 = -y - 4*v. What is the remainder when y is divided by (2/3)/((-10)/(-135))?
7
Let j(s) = 12*s + 3. Suppose -2*z = 12 - 44. What is the remainder when j(5) is divided by z?
15
Suppose 5*m - 32 = -t + 245, 5*m = -2*t + 539. What is the remainder when t is divided by 33?
31
Let x = -17 - -26. Let y(c) = c**3 + 7*c**2 - 6*c - 9. Let g be y(-6). Suppose 3*k - g = 36. Calculate the remainder when k is divided by x.
6
Let z = 35 + -24. Calculate the remainder when 20 is divided by z.
9
Suppose 2*q - 46 = -10. Let b(n) = n**3 + 7*n**2 + 5*n + 4. Calculate the remainder when q is divided by b(-6).
8
Let z(b) = -b**3 - 7*b**2 - 5*b - 14. Calculate the remainder when z(-7) is divided by 12.
9
Suppose -2*u + 20 + 24 = 0. Calculate the remainder when u is divided by 0 - -1 - (-5 - 2).
6
Suppose -2*u + 3*b = u - 21, -4*b + 8 = 0. Calculate the remainder when 32 is divided by u.
5
Calculate the remainder when 52 is divided by (-31)/(-1) + 3/((-21)/14).
23
Let h = 35 + -22. Let u = h - 9. Suppose -2*r = -4*m + 34, -4*m - u*r + 4 = -0*m. Calculate the remainder when m is divided by 4.
2
Suppose -3*b + 31 = 2*l, 2*b + 15 = l + 4*b. What is the remainder when 28 is divided by l?
11
Let r = -51 - -81. What is the remainder when 28 is divided by (0 - r/(-9))*3?
8
Suppose 4 = -h - 3*h. Let s(m) = -6*m**3 - m**2 - 2*m - 1. Let y be s(h). What is the remainder when 61 is divided by (-15)/y*(-42)/5?
19
Suppose 0 = -2*g + 6*g - 92. Suppose -5*k - 13 = -233. Calculate the remainder when k is divided by g.
21
Suppose -3 = 2*i - i, -3*t + 2*i + 123 = 0. Suppose -r = -3*h + 43, -3*h - 4*r = 1 - t. Calculate the remainder when h is divided by (6 + -3)*-1 + 11.
6
Suppose 0 = -4*b + 124 - 36. What is the remainder when 196 is divided by b?
20
Suppose 0*u + 12 = 2*u + k, -4*u - 3*k + 28 = 0. Let t = -1 + 16. What is the remainder when t is divided by u?
3
Let p(d) = d**3 + 2*d - 1. Let n be p(2). Let i = n - 18. Let u(r) = r**3 + 7*r**2 - 4*r - 8. Calculate the remainder when 38 is divided by u(i).
18
Let q = 106 - 100. What is the remainder when 39 is divided by q?
3
Let z = 323 - 128. What is the remainder when z is divided by 33?
30
Suppose -c + 4*c = -147. Let d = -9 - c. Suppose -2*o - d = -6*o. Calculate the remainder when o is divided by 6.
4
Let u(o) = -o**2 + 13*o - 2. What is the remainder when u(12) is divided by 6?
4
Suppose b = k + 25, 6*k - 8 = 2*k. Let x(f) = f**2 - 4*f - 7. What is the remainder when b is divided by x(7)?
13
Let r(g) = 35*g + 7. Let o(x) = -x**3 + 5*x**2 - 5*x + 2. Let t be o(3). Let d be r(t). What is the remainder when 68 is divided by d/8 + (-2)/(-8)?
22
Let h be (2 + 16/(-6))*-3. Suppose 8*m - 3*m + 22 = q, -q + 7 = -h*m. Let c(a) = a**2 + 2*a - 5. Calculate the remainder when 28 is divided by c(m).
8
Let s(j) = -2*j + 7. Let u = 16 + -10. What is the remainder when s(-5) is divided by u?
5
Let c = 15 + 7. Suppose c = 5*m + 2*k, -4*m + 6*k = 2*k - 12. Suppose 4*d + 30 = 14*d. What is the remainder when m is divided by d?
1
Let i(a) = 4 - a - 4*a + 3*a + 3*a. What is the remainder when i(11) is divided by 8?
7
Suppose 2*y - 5*p = 120, 3*y + 71 = 4*y + 3*p. What is the remainder when y is divided by 1/(-4) - -23*9/12?
14
Let m(k) = k. Let a be m(2). Let w(u) = 11 + u + 3*u + a. Calculate the remainder when w(12) is divided by 16.
13
Let b(x) be the first derivative o